049
List the prime factors of 113228221.
113228221
What are the prime factors of 949326317?
19, 359, 139177
List the prime factors of 1555290398.
2, 31, 25085329
What are the prime factors of 17427738?
2, 3, 2904623
List the prime factors of 1199620273.
59, 20332547
What are the prime factors of 19395940?
2, 5, 969797
What are the prime factors of 836931491?
11, 47, 1618823
List the prime factors of 2897112057.
3, 7, 43, 3208319
List the prime factors of 1151890847.
1019, 1130413
What are the prime factors of 184237758?
2, 3, 71, 144161
List the prime factors of 15937426.
2, 1283, 6211
What are the prime factors of 101521319?
73, 1390703
What are the prime factors of 258337797?
3, 17, 337, 15031
List the prime factors of 139675404.
2, 3, 11, 1058147
What are the prime factors of 89532306?
2, 3, 467, 10651
List the prime factors of 1128013520.
2, 5, 73, 193153
What are the prime factors of 154679628?
2, 3, 107, 179, 673
List the prime factors of 32731645.
5, 23, 284623
What are the prime factors of 3298580?
2, 5, 131, 1259
List the prime factors of 67545751.
7, 13, 57097
What are the prime factors of 615814529?
11, 19, 599, 4919
List the prime factors of 4299265597.
11, 31, 12607817
What are the prime factors of 575532140?
2, 5, 28776607
What are the prime factors of 190041089?
7, 29, 239, 3917
What are the prime factors of 86058931?
7, 139, 241, 367
What are the prime factors of 24401170?
2, 5, 83, 29399
List the prime factors of 1598018665.
5, 41, 2251, 3463
What are the prime factors of 588623461?
241, 479, 5099
List the prime factors of 94604683.
1597, 59239
List the prime factors of 3179960.
2, 5, 7, 41, 277
What are the prime factors of 45905021?
45905021
What are the prime factors of 61126837?
47, 1300571
What are the prime factors of 52496503?
52496503
List the prime factors of 881894.
2, 13, 107, 317
List the prime factors of 1005312991.
641, 1568351
List the prime factors of 138067830.
2, 3, 5, 347, 4421
List the prime factors of 62425883.
13, 1301, 3691
List the prime factors of 12194158.
2, 6097079
What are the prime factors of 2310946476?
2, 3, 17, 1481, 7649
List the prime factors of 1395601003.
1395601003
What are the prime factors of 4443658051?
7, 90686899
What are the prime factors of 747847586?
2, 163, 2294011
List the prime factors of 167687086.
2, 7, 59, 203011
List the prime factors of 46076472.
2, 3, 13, 61, 269
List the prime factors of 1570688248.
2, 113, 127, 13681
What are the prime factors of 241756384?
2, 163, 46349
List the prime factors of 1350438085.
5, 270087617
List the prime factors of 1584972563.
1483, 1068761
What are the prime factors of 16936257?
3, 13, 23, 79, 239
What are the prime factors of 568255891?
7, 1321, 8779
What are the prime factors of 31877457?
3, 3011, 3529
List the prime factors of 35086303.
7, 173, 4139
List the prime factors of 544787503.
13, 41906731
What are the prime factors of 78676513?
6421, 12253
What are the prime factors of 112831518?
2, 3, 29, 277, 2341
What are the prime factors of 5714621?
11, 41, 12671
What are the prime factors of 961222696?
2, 7, 41, 10211
List the prime factors of 64604405.
5, 37, 137, 2549
What are the prime factors of 60566797?
23, 114493
What are the prime factors of 36352285?
5, 7270457
List the prime factors of 40950752.
2, 31, 41281
What are the prime factors of 257176369?
557, 461717
What are the prime factors of 3010449158?
2, 59, 25512281
List the prime factors of 248566823.
59, 83, 193, 263
What are the prime factors of 23456284?
2, 5864071
What are the prime factors of 852972948?
2, 3, 179, 132367
What are the prime factors of 267466789?
9203, 29063
List the prime factors of 1004322607.
5413, 185539
List the prime factors of 164765670.
2, 3, 5, 5492189
List the prime factors of 75479503.
11, 6861773
List the prime factors of 34697054.
2, 7, 2478361
List the prime factors of 3543414764.
2, 29, 30546679
List the prime factors of 5470874.
2, 2735437
List the prime factors of 241530488.
2, 30191311
List the prime factors of 40888011.
3, 13629337
List the prime factors of 80997756.
2, 3, 7, 964259
What are the prime factors of 159201852?
2, 3, 41, 323581
List the prime factors of 520731974.
2, 7, 19, 1957639
List the prime factors of 3222237413.
1847, 1744579
List the prime factors of 77489072.
2, 113, 42859
What are the prime factors of 2228636380?
2, 5, 5003, 22273
What are the prime factors of 17634283?
1201, 14683
What are the prime factors of 1382350455?
3, 5, 43, 26459
What are the prime factors of 316729680?
2, 3, 5, 1319707
List the prime factors of 95102308.
2, 7, 3396511
List the prime factors of 287985454.
2, 127, 821, 1381
What are the prime factors of 3497215710?
2, 3, 5, 31, 3760447
What are the prime factors of 1375092233?
2671, 514823
List the prime factors of 451196350.
2, 5, 11, 179, 4583
List the prime factors of 66180678.
2, 3, 1567, 7039
List the prime factors of 1999203930.
2, 3, 5, 23, 239, 449
What are the prime factors of 2497139045?
5, 79, 6321871
What are the prime factors of 640942646?
2, 320471323
List the prime factors of 6239744668.
2, 17, 5397703
What are the prime factors of 83896957?
83896957
What are the prime factors of 394138878?
2, 3, 7, 9384259
What are the prime factors of 1859343454?
2, 929671727
List the prime factors of 2934863986.
2, 17, 23, 3753023
What are the prime factors of 5147061?
3, 101, 16987
List the prime factors of 161103792.
2, 3, 467, 7187
What are the prime factors of 183403763?
383, 478861
What are the prime factors of 2623582090?
2, 5, 307, 854587
List the prime factors of 1561271900.
2, 5, 541, 28859
What are the prime factors of 58789012?
2, 23, 639011
What are the prime factors of 658194257?
7, 19, 4948829
What are the prime factors of 4212694062?
2, 3, 1009, 77317
What are the prime factors of 301853374?
2, 150926687
List the prime factors of 305747666.
2, 7, 67, 325957
What are the prime factors of 1992923?
1031, 1933
List the prime factors of 27652985.
5, 1039, 5323
What are the prime factors of 23740445?
5, 67, 70867
What are the prime factors of 40849416?
2, 3, 97, 5849
What are the prime factors of 656522366?
2, 43, 7633981
What are the prime factors of 108217378?
2, 37, 1462397
List the prime factors of 3686067550.
2, 5, 11, 6701941
What are the prime factors of 147132338?
2, 73566169
What are the prime factors of 4611780543?
3, 83, 151, 173, 709
List the prime factors of 3335830637.
13099, 254663
What are the prime factors of 1671171302?
2, 53, 83, 189949
What are the prime factors of 534917852?
2, 7, 17, 1123777
List the prime factors of 3393795633.
3, 197, 619, 9277
List the prime factors of 777682040.
2, 5, 19442051
What are the prime factors of 3306227405?
5, 13, 17, 743, 4027
List the prime factors of 70481330.
2, 5, 7048133
List the prime factors of 1440482472.
2, 3, 11, 13, 139907
What are the prime factors of 1328885280?
2, 3, 5, 101, 9137
List the prime factors of 764358654.
2, 3, 37, 41, 79, 1063
What are the prime factors of 91474530?
2, 3, 5, 7, 435593
List the prime factors of 193967890.
2, 5, 113, 171653
List the prime factors of 113328235.
5, 22665647
What are the prime factors of 450738532?
2, 29, 3885677
List the prime factors of 18749810.
2, 5, 17, 53, 2081
List the prime factors of 90730310.
2, 5, 11, 824821
What are the prime factors of 58854438?
2, 3, 19, 19121
What are the prime factors of 163883469?
3, 54627823
What are the prime factors of 194032276?
2, 773, 62753
List the prime factors of 4204309741.
37, 109, 673, 1549
What are the prime factors of 89896404?
2, 3, 13, 29, 31, 641
What are the prime factors of 2623297537?
7, 3181, 117811
List the prime factors of 51737339.
733, 70583
List the prime factors of 1752564693.
3, 11, 19, 2795159
What are the prime factors of 11706672?
2, 3, 243889
What are the prime factors of 2252676296?
2, 13, 1301, 16649
List the prime factors of 29085054.
2, 3, 167, 29027
What are the prime factors of 78721666?
2, 39360833
What are the prime factors of 5825064108?
2, 3, 929, 522521
List the prime factors of 58888193.
7, 13, 653, 991
List the prime factors of 518562227.
1063, 487829
List the prime factors of 1081348841.
23, 47015167
What are the prime factors of 1743018?
2, 3, 449, 647
List the prime factors of 1035376391